p**2. Let n(g) = h(g) - u(g). What is n(f)?
3
Suppose -5*k + 4 = -6. Let n(z) = -8*z**k + 23*z - 23*z - 1. Suppose 5*c = v + 28 - 2, 3*v - 3*c + 18 = 0. Calculate n(v).
-9
Let q = 553 - 551. Let p(v) = 2*v**3 + 11*v**2 - 19*v + 17. Let y(i) = -i**3 - 5*i**2 + 9*i - 8. Let n(r) = 6*p(r) + 13*y(r). Give n(q).
0
Let c = 882 - 878. Let q(i) = -i**3 + 3*i**2 - 2*i - 4. Determine q(c).
-28
Let s(n) = -n**3 + 9*n**2 + 7*n - 2. Let g(w) be the first derivative of 3*w**4/4 - 28*w**3/3 - 10*w**2 + 7*w - 8. Let f(j) = 2*g(j) + 7*s(j). Determine f(8).
8
Let j be (-1 + -2)*(-40)/30. Let p(d) = -d**3 + 5*d**2 - 2*d - 4. Let y be p(j). Let t(g) = -4 - 2 - g - y. What is t(-8)?
-2
Let n = -135 + 143. Let q(x) = x**2 - x - 1. Let g(k) = -6*k - 8. Let z(c) = -g(c) - q(c). Determine z(n).
1
Let s be (-6)/4*(-8)/3. Suppose s = -2*p - 2. Let x be 1*(-1 - 2)/p. Let l(r) = 8*r**3 - r**2 - r + 1. Determine l(x).
7
Let m(d) be the second derivative of d**7/2520 - d**6/90 + d**5/120 + 25*d**4/12 - 14*d. Let i(q) be the third derivative of m(q). Calculate i(7).
-6
Let i(t) = t**3 + 7*t**2 + 6*t - 2. Let v = 274 - 280. Determine i(v).
-2
Let o(t) be the first derivative of 3*t**2/2 + 2*t - 2. Let y(n) = -n**2 + 43*n + 792. Let z be y(57). Determine o(z).
-16
Suppose 2*g - 3*r = -21, 3*r = 5*g + 5*r + 24. Let p(a) = a**3 + 5*a**2 - 4*a + 11. Determine p(g).
-1
Let a(b) = b - 12. Suppose -67 + 2 = -5*p. Let o be a(p). Let i(v) = -28*v + 16*v + 0 + 1. Calculate i(o).
-11
Let o(d) = -5*d + 4. Let s(k) = 3*k - 2. Let w(v) = -3*o(v) - 4*s(v). What is w(-4)?
-16
Let g(i) = -2*i**2 + i. Suppose -x = x - d - 13, -3*x - 2*d = -16. Suppose 3*z + x = -5*c, 8 = -2*z + 5*c + 4. Calculate g(z).
-10
Suppose -6*v = -2*v. Suppose -2*c + 2 = -7*a + 2*a, 4*c - 4 = 3*a. Let m(u) = -4 + a - 4*u**3 - 2 + 3*u**3 - u. Calculate m(v).
-6
Let u be (-1 - -1) + (-6)/(-3). Let x(a) = 2 + a - a - u*a. Determine x(-3).
8
Suppose 5*n = 0, 39 = 5*m - 4*n + 14. Let c(t) = t**3 - 5*t**2 + 2*t. Determine c(m).
10
Let n = -265 + 260. Let t(j) = -16*j - 10. Let k(z) be the third derivative of z**4/8 + z**3/3 + 4*z**2. Let r(m) = 11*k(m) + 2*t(m). What is r(n)?
-3
Let m(t) = -8*t - 2. Let s = 198 - 196. Calculate m(s).
-18
Let q(n) be the third derivative of -n**4/24 - 5*n**3/6 + n**2. Let x(c) = -7*c**2 + 5*c - 4. Suppose 4*a + 4 = 8*a. Let r be x(a). What is q(r)?
1
Let j(h) = -7*h**2 - 1. Let b = -28 + 31. Suppose 15 = 3*n + b*o, 7 = -5*n - 0*o + 3*o. Give j(n).
-8
Let k(w) = 8*w**2 - 14*w + 6. Let i(s) = -7*s**2 + 13*s - 6. Let n(a) = 6*i(a) + 5*k(a). Determine n(6).
-30
Let d(m) = 9*m - 4. Let p be d(1). Let z(h) = 8*h - 5 - 4*h**2 + h - 19*h + 7*h + h**3. Calculate z(p).
5
Let b(i) = -3*i + 17. Let s be b(4). Let d(l) = -l**3 + 4*l**2 + 4*l - 2. Give d(s).
-7
Let h(z) = -40*z**2 + 362*z - 18. Let n be h(9). Let x(q) = 2*q + 2*q**2 - q - 7 - q**2. Determine x(n).
-7
Let u = -67 - -63. Let n be 33/22 - 10/u. Let k(i) = i**2 + i - 5. Determine k(n).
15
Suppose 6*o + 20 = 5*j + o, 5*o = 0. Let v(f) be the first derivative of 2*f**2 + 4*f - 645. Give v(j).
20
Let r be 5*(-20)/50*1/1. Let c(l) = 11*l + 5. Give c(r).
-17
Suppose -5*g = -0 + 10. Suppose c - 8 = -3*n, 5*n - 6*n + 2 = 0. Let r(t) = t + c*t**2 - t**3 - 6*t**2 - 5*t + 0*t**2 - 2. Calculate r(g).
-2
Let a(w) = -w + 17. Let u be -42*(-9 - (-61)/7). What is a(u)?
5
Let m(y) = -3*y - 12. Let g be 19/(-4) - (-6)/72*-3. Give m(g).
3
Let s(b) = 7*b**3 + 2*b**2 - 5*b - 1. Let c(p) = 11*p**3 + 3*p**2 - 8*p - 2. Let y(f) = 5*c(f) - 8*s(f). Determine y(-3).
16
Suppose -8*g = -3*g - 15. Let r be g/5 - (-4)/40*14. Let c(b) = -b**2 + b. Determine c(r).
-2
Let l(o) = 2 + o - 2 - 5 + 10. Suppose -3*f + 8 = -4*d, 0*f = -f + 3*d + 6. What is l(f)?
5
Let n(c) = -32*c - 6. Let m(x) = -11*x - 2. Let t(u) = -8*m(u) + 3*n(u). Suppose -3*w + l = 6, 3*w + 1 + 5 = -5*l. Give t(w).
14
Let w be (1/2 - -1)/((-24)/(-32)). Let k(b) = -5*b**3 + 1 - 6*b**w + 3*b**3 - 3*b + b**3. What is k(-5)?
-9
Let f(b) = b**3 + 5*b**2 + 4*b + 3. Let q = 67 - 69. Give f(q).
7
Let n(h) = -h**2 - 6*h + 4. Suppose 0*k - 18 = 3*k. Let v be n(k). Let x(l) = 6*l**2 + l**3 + 4*l**2 + 0*l - 14*l**2 + 2 - l. What is x(v)?
-2
Suppose -4*z = 18*z - 110. Let k(m) = -m**2 - m + 5. What is k(z)?
-25
Suppose -16 = 4*s, z + s + 10 = -2*s. Let p(i) = 2*i - 1 - 33*i**2 - z*i + 30*i**2. Let v be p(1). Let f(b) = b**3 + 3*b**2 - 4*b - 4. Determine f(v).
-4
Let x(m) = m**3 - 3*m**2 + 7*m - 2. Let v(a) = a**3 - 2*a**2 + 4*a - 4. Let s(q) = 3*v(q) - 2*x(q). Calculate s(0).
-8
Let y(a) = -a - 2. Let s be y(-6). Let g(f) = -4*f**2 - 8*f + 14. Let u(v) = 3*v**2 + 8*v - 13. Let x(p) = s*g(p) + 5*u(p). Calculate x(7).
-2
Let f(b) = b**3 + 14*b**2 - 6*b - 8. Let p(z) = 3*z**3 + 30*z**2 - 11*z - 17. Let w(u) = -5*f(u) + 2*p(u). Calculate w(9).
-3
Let y(c) = 2*c**3 + 12*c**2 - 14*c - 5. Let j(g) = g**3 - g**2. Let t(b) = -j(b) + y(b). Calculate t(-14).
-5
Let o(q) be the first derivative of -6*q + 3*q**2 + 26 - 1/4*q**4 + 2*q**3. What is o(6)?
30
Let c(j) be the first derivative of j**5/20 + j**4/12 + j**3/6 + 3*j**2/2 + 4*j + 8. Let d(u) be the first derivative of c(u). What is d(0)?
3
Let g be (-2)/(-7) + 45/63. Let v(m) = -4*m + m - 4*m + 32*m**2 + 6*m - 40*m**2. Give v(g).
-9
Suppose 5*r + 2*s = 3, 3*r + 2*r - 7 = 2*s. Let h(f) = 7*f**2 + 5*f + 1. Let n(p) = -6*p**2 - 6*p - 1. Let q(b) = -7*h(b) - 6*n(b). Determine q(r).
-13
Let x(b) = -2*b + 4*b + b + 1. Let v(z) = -z**3 + 3*z**2 - 2*z + 2. Let i be v(2). Suppose 4*d - 3*d + i = 0. Determine x(d).
-5
Let f(i) = -4*i - 3. Let a = 31 + -33. Let n be (-3)/4 + a*18/16. What is f(n)?
9
Let i(x) = -x**3 - 4*x**2 - x - 2. Suppose 372 = 4*h - 3*w, -465 = -5*h + w - 2*w. Let l = h - 97. Give i(l).
2
Let j(c) = -4*c**2 - 2*c - 1. Let m = -59 + 61. Suppose -d = -2*d - m. What is j(d)?
-13
Let z(r) be the first derivative of -1/15*r**5 - 1/24*r**4 - 2*r**2 + 0*r + 2 - 2/3*r**3 + 1/120*r**6. Let p(g) be the second derivative of z(g). What is p(4)?
-8
Let g(x) = -x + 2. Let u be 22 + (-4 - -3 - 3). Let k = u - 13. Determine g(k).
-3
Let q(u) = u**2 - 9*u - 13. Let w be (15/(-12))/(2/(-16)). Calculate q(w).
-3
Let n(o) = 7*o**3 + 24*o**2 + 23*o + 11. Let u(f) = -4*f**3 - 13*f**2 - 12*f - 5. Let x(a) = -3*n(a) - 5*u(a). Calculate x(-5).
-13
Let o = 43 + -22. Let t = o + -26. Let d be (1*t)/(-6 - -7). Let f(w) = 2*w + 2. Calculate f(d).
-8
Let v(t) be the third derivative of t**6/120 + 7*t**5/60 - 3*t**4/8 - 2*t**3 - 210*t**2. What is v(-8)?
-4
Let t(u) = -21 + 7*u**2 - 39*u**3 + 38*u**3 + 32 - u. Calculate t(8).
-61
Suppose -17*h + 12 = -13*h. Let t(f) = f - 1 + 7 - h. Calculate t(-9).
-6
Let a = 747 - 507. Let u(j) = -121*j + 0 - 118*j + a*j + 3. Give u(0).
3
Let w(p) = -3*p**2 + 14*p + 2. Let q(j) = 3*j + 13. Let t be q(-8). Let c(v) = -v**2 + 5*v + 1. Let x(i) = t*c(i) + 4*w(i). What is x(0)?
-3
Let h(d) = 15*d**2 + 9*d - 14. Let n(b) = -32*b**2 - 19*b + 30. Let i(j) = 13*h(j) + 6*n(j). Calculate i(2).
16
Suppose -5*x = -h + 14, -4*h - 3*x = -30 + 20. Let n(d) = -d**3 + 6*d**2 - 6*d + 2. What is n(h)?
10
Let m(w) = 9*w**2 - 8*w**2 + 2 + 5*w - 3*w. Calculate m(-3).
5
Let l be (1 + 0)*3 - 4. Let d = 0 - l. Let t(r) be the first derivative of -2*r**3/3 - r**2/2 - 37. Determine t(d).
-3
Let w(n) = -403*n**2 - 3*n - 404*n**2 - 6 + 808*n**2. Give w(3).
-6
Suppose 108 = 6*y + 3*y. Suppose -10*u + y = -8*u. Let k(z) = -z + 1. Give k(u).
-5
Suppose 0 = -3*z - 5*x + 3*x - 2, 2 = 3*z + x. Let r(u) be the third derivative of 0 + u**2 + 0*u + 1/3*u**3 + 1/30*u**5 + 1/24*u**4. Determine r(z).
12
Let w(d) = -d**3 - 5*d**2 + 3*d. Let l = 70 - 87. Let q be 6/(-5)*(-85)/l. Give w(q).
18
Let l(i) = -i**2 + 2*i + 9. Let h be l(4). Let q be 140/60 + h/(-3). Let d(z) = 4*z - 1. Give d(q).
7
Let w(x) be the second derivative of -x**4/24 - x**3/2 + 6*x**2 + 11*x. Let h(j) be the first derivative of w(j). Calculate h(-4).
1
Let t(g) = 2*g**3 - 3*g**2 + 2*g - 1. Suppose 0 = 4*r + r - 10. Calculate t(r).
7
Let k(d) = 3*d**2 + 7*d**2 + 5 - 4*d - 4*d**2. Let o(h) = -h**2 - h + 1. Let l(j) = -k(j) + 5*o(j). Let c(g) = 634*g - 2537. Let v be c(4). What is l(v)?
-10
Let a be -1 - ((-12)/16 - 2/8). Let s(x) = 53*x + x**3 - 54*x - 4 + a + 3. Calculate s(2).
5
Suppose 4*w = n - 278, -3*w = 2*w - 4*n + 353. Let x b